2e?
-220c
In base 12, what is 19 + 91b07?
91b24
In base 14, what is -4 + 10bdb?
10bd7
In base 5, what is -1004 + 2302333?
2301324
In base 4, what is -3 + 2112223?
2112220
In base 12, what is 4 + -156993?
-15698b
In base 11, what is 0 + -338a7?
-338a7
In base 2, what is -101000001110110 - 0?
-101000001110110
In base 3, what is -2122 - -2002?
-120
In base 4, what is 33 + -20121202?
-20121103
In base 14, what is 6 - 18db2?
-18daa
In base 3, what is 10212 + -10022?
120
In base 3, what is 1 + -20001020022?
-20001020021
In base 16, what is 5ca4 + -4?
5ca0
In base 13, what is a25 - c4a?
-225
In base 2, what is 111100 - -11100110000110?
11100111000010
In base 15, what is 22b - ea?
131
In base 2, what is 1000101101 - 111100011?
1001010
In base 4, what is 2201300 - 211?
2201023
In base 6, what is -3312 - 2220?
-5532
In base 4, what is -11 + 131332?
131321
In base 16, what is -25426 - 1?
-25427
In base 10, what is -3229 - 23?
-3252
In base 7, what is -321531 - 1?
-321532
In base 11, what is 4 - 88473a?
-884736
In base 8, what is -74151 - -3?
-74146
In base 3, what is 220 - 12211222?
-12211002
In base 15, what is 35 - -3815?
384a
In base 6, what is 2100 - 104?
1552
In base 9, what is 3624 + 30?
3654
In base 4, what is -33202 + 133013?
33211
In base 14, what is -6 + 3476b?
34765
In base 11, what is 3435 - -376?
3800
In base 5, what is -4 - 100230101?
-100230110
In base 12, what is 192b - -1b?
194a
In base 10, what is 0 - -456605?
456605
In base 11, what is -210 + 1315?
1105
In base 6, what is 53244 + 4?
53252
In base 5, what is -12430 + 131201?
113221
In base 2, what is 10010111 + 110100000?
1000110111
In base 6, what is -303 - -4213?
3510
In base 8, what is 32 - 72350?
-72316
In base 3, what is 121021220221 - 2?
121021220212
In base 4, what is 23020323 - 230?
23020033
In base 10, what is 520970 - -5?
520975
In base 16, what is -a + 21d?
213
In base 6, what is 52454 - -24?
52522
In base 8, what is -10774 + -10?
-11004
In base 3, what is 12010 - 211220?
-122210
In base 11, what is -6 - a35?
-a40
In base 4, what is -2131 - 2021?
-10212
In base 14, what is 3 - -2270?
2273
In base 9, what is 518 - 146?
362
In base 3, what is 12 + 12211021222?
12211022011
In base 10, what is 6 - -912600?
912606
In base 4, what is -110323123 + -2?
-110323131
In base 4, what is 1 - 230020131?
-230020130
In base 11, what is a6527 - -3?
a652a
In base 5, what is 4102100 + 1?
4102101
In base 4, what is 1302 - 2303102?
-2301200
In base 6, what is -202 + 1153?
551
In base 11, what is -5 - 2a07?
-2a11
In base 4, what is -1302021 + -3?
-1302030
In base 8, what is -367 + 273?
-74
In base 4, what is -303 - 1112223?
-1113132
In base 5, what is -4301 - -1403?
-2343
In base 16, what is -5 - -6b8b?
6b86
In base 10, what is 1519 - 28?
1491
In base 9, what is -482 - -61?
-421
In base 16, what is 1 + -9f2?
-9f1
In base 2, what is -11000111111 - 1110101010?
-100111101001
In base 15, what is 10 + -19491?
-19481
In base 8, what is -2 - 1717?
-1721
In base 10, what is -52 - -148?
96
In base 9, what is -3 - 2236530?
-2236533
In base 12, what is -1395 - -287?
-110a
In base 12, what is 5 - -514?
519
In base 4, what is 2 - 13302202?
-13302200
In base 7, what is -5 + 46251?
46243
In base 5, what is -2 - 3140233?
-3140240
In base 2, what is 110000011 + 111000011?
1101000110
In base 14, what is 47 - aa3?
-a5a
In base 16, what is a8 + 3dd?
485
In base 13, what is 41c1 - -12?
4203
In base 8, what is 462131 + 1?
462132
In base 5, what is -3 - -4231200?
4231142
In base 14, what is 1681 - 26?
1659
In base 8, what is 2 + -466441?
-466437
In base 7, what is -22645 + -1102?
-24050
In base 16, what is 13 + -1452?
-143f
In base 13, what is -1 - -2b326?
2b325
In base 13, what is -6 + -3bb2?
-3bb8
In base 16, what is b5553 + 4?
b5557
In base 16, what is -1dac + 79?
-1d33
In base 7, what is 162 + -23463?
-23301
In base 16, what is 1986 - -4?
198a
In base 5, what is 2 + -1314?
-1312
In base 14, what is 21 + -18d1?
-18b0
In base 9, what is -2887163 - -2?
-2887161
In base 3, what is 2 + -11000111220?
-11000111211
In base 12, what is 3a2b + -3?
3a28
In base 7, what is 42415301 + -2?
42415266
In base 3, what is -102111201 - 20122?
-102202100
In base 14, what is -2 - -4224?
4222
In base 8, what is 1612 + -113?
1477
In base 2, what is -1010110101 + -11?
-1010111000
In base 16, what is 1c017 - -4?
1c01b
In base 14, what is -2 + 56769?
56767
In base 15, what is -20a + 67?
-193
In base 7, what is -2415 + -33?
-2451
In base 13, what is 96a + -25?
945
In base 10, what is 1991 + -25?
1966
In base 11, what is -237 + 35?
-202
In base 2, what is -11100011 + 10101?
-11001110
In base 14, what is 1a9 - -598?
763
In base 6, what is 4 + -4401324?
-4401320
In base 2, what is 1101000010 - -10010110?
1111011000
In base 12, what is -5 - 23246?
-2324b
In base 3, what is -2102120021 + 12?
-2102120002
In base 3, what is 1011200 - -1100100?
2112000
In base 12, what is 592 - -a?
5a0
In base 10, what is 4680 - 3?
4677
In base 4, what is -2 + 2302303?
2302301
In base 2, what is -110 + 11110111?
11110001
In base 16, what is -1 + 63b9?
63b8
In base 12, what is 117 + -665?
-54a
In base 7, what is -4411 + 524?
-3554
In base 7, what is -1622 - -10?
-1612
In base 13, what is -13c - 14a1?
-1610
In base 7, what is 20 + -544011?
-543661
In base 10, what is 12679 - -11?
12690
In base 16, what is -196626 - -4?
-196622
In base 8, what is -7072 + -1?
-7073
In base 15, what is -9 - -1372?
1368
In base 3, what is -1012100122 - 1122?
-1012102021
In base 7, what is 41 - -3451?
3522
In base 10, what is 4 - -52748?
52752
In base 15, what is b8a5c + -8?
b8a54
In base 13, what is -9682a2 + 2?
-9682a0
In base 5, what is 31131212 - -4?
31131221
In base 11, what is 89149 - -4?
89152
In base 4, what is -11022 + -2103?
-13131
In base 10, what is 120038 - 4?
120034
In base 5, what is -4 + -10123322?
-10123331
In base 3, what is 2 - 122202002222?
-122202002220
In base 8, what is 25 - 47?
-22
In base 3, what is -1200 - 10200022022?
-10200100222
In base 6, what is -4 - -11345?
11341
In base 13, what is 436c - -24?
4393
In base 4, what is -3013112 - -22?
-3013030
In base 14, what is -47a79 - -7?
-47a72
In base 11, what is -139 - -20854?
20716
In base 2, what is 1000 + -1100111101?
-1100110101
In base 4, what is -3122323113 + -1?
-3122323120
In base 8, what is 777 + -722?
55
In base 3, what is -2211021202 + 1120?
-2211020012
In base 4, what is 10 - -133030?
133100
In base 11, what is -148224 + 1?
-148223
In base 15, what is 1 + 2907?
2908
In base 8, what is 30671 - 31?
30640
In base 13, what is -4 + 37c6b?
37c67
In base 9, what is -103 + -1066?
-1170
In base 11, what is -57308 + 0?
-57308
In base 16, what is 2a3 + -35?
26e
In base 11, what is 3 - -1914a6?
1914a9
In base 11, what is -9 - 24975?
-24983
In base 8, what is 351 - 42043?
-41472
In base 13, what is 4 - -623b?
6242
In base 3, what is -1011212 - 112?
-1012101
In base 7, what is -1024 - -42540?
41513
In base 13, what is c8 + 11?
109
In base 5, what is 324 + 44244?
100123
In base 4, what is 0 + -101132?
-101132
In base 12, what is -720 + -466?
-b86
In base 7, what is -362140 + 4?
-362133
In base 16, what is 19 - -1202?
121b
In base 8, what is 73473 + 27?
73522
In base 16, what is 32426 - -3?
32429
In base 16, what is 1d34 - 364?
19d0
In base 9, what is 8002 - -11?
8013
In base 12, what is -16066 + 5?
-16061
In base 3, what is 2112002101 - -11?
2112002112
In base 4, what is -1032313 + 3323?
-1022330
In base 3, what is 2010202120021 - 2?
2010202120012
In base 14, what is -2c8634 + 4?
-2c8630
In base 10, what is 6970 - -5?
6975
In base 2, what is -10 + -110111100100110?
-110111100101000
In base 12, what is -119 + -118?
-235
In base 10, what is -26919 + 60?
-26859
In base 6, what is -25 - -100015?
55550
In base 16, what is -b7 + 46?
-71
In base 6, what is -42 - -3401122?
3401040
In base 7, what is -4614066 + 3?
-4614063
In base 10, what is -60 + 2753?
2693
In base 12, what is 2857 - -20?
2877
In base 10, what is 6810 + -3?
6807
In base 9, what is -18163 + 45?
-18117
In base 5, what is -1 + -114013?
-114014
In base 6, what is -3511 - -1532?
-1535
In base 10, what is 242 + 58?
300
In base 4, what is 122212233 - -3?
122212302
In base 3, what is 21001211 - -1101?
21010012
In base 7, what is -5653 - -312?
-5341
In base 12, what is